What is the units digit of h?
1
Let s(v) = -v**2 - 7*v - 5. Let r be s(-5). Let f be -30 + r + 0 + -3. What is the tens digit of 2/(-7) + (-288)/f?
1
Let v = -187 - -351. What is the tens digit of v?
6
Let m(q) = -q + 21. Suppose -1 = s, 4*z + 3*s - 22 = 15. What is the units digit of m(z)?
1
Let g(n) = n**3 - 4*n**2 + 4*n - 2. What is the units digit of g(4)?
4
Let y(v) = 3*v**3 - 9*v**2 + 8*v - 3. Let b(a) = -4*a**3 + 9*a**2 - 8*a + 4. Let u(z) = -2*b(z) - 3*y(z). What is the units digit of u(8)?
1
Let v be (-26)/(-7) - 2/(-7). Suppose -27 = -c - v*c + 3*n, -4*c = -3*n - 21. What is the units digit of c?
6
Let r = 14 - 1. What is the tens digit of r?
1
Let p(j) = -10*j - 5. What is the tens digit of p(-4)?
3
Let q(r) = r + 10. Let d be q(-8). Suppose -5*n + d*a = 4, 0*n + 5*a = -n + 10. Suppose n = 2*o - 7*o + 35. What is the units digit of o?
7
Let d(f) = 2*f - 2*f - f + 0*f + 11*f**3. What is the tens digit of d(1)?
1
Let t(l) = 10*l**2 - 2*l - 3. Let i be t(-2). Let k = -101 + i. What is the tens digit of ((-6)/(-4))/((-9)/k)?
1
Let v be (-35)/(-5) - (-4)/(-2). Suppose -v*k + 6*k = 2. What is the units digit of k?
2
Suppose -6 - 10 = -4*f. Let c(u) = u**2 - 3*u - 4. Let t be c(f). Suppose 3*b - 2*i + i - 34 = t, -3*b + 4*i = -46. What is the tens digit of b?
1
Suppose 0*x - 480 = -5*x. What is the units digit of x?
6
Let y(i) = i**3 + 7*i**2 - 7*i + 2. What is the units digit of y(-4)?
8
Let a(i) = i**3 + 8*i**2 + 8*i + 10. Let j be a(-7). Suppose k - 4 = -j*k. What is the units digit of k?
1
Let k(j) = 10*j + 3 - 1 - j**3 - 5*j. Let s(n) = n**2 - 13*n + 9. Let r be s(12). What is the tens digit of k(r)?
1
Suppose 2*f + 1 = 5*t, 2*f - 4*t = 4*f - 8. Suppose -f - 6 = 4*s. What is the tens digit of (-1)/s - (-27)/2?
1
Let v = 42 + -25. Let l = v - 9. What is the units digit of l?
8
Let u(m) = -m**3 + m + 1. Let g be u(0). Let z be (3 + 1 - 2)/g. What is the units digit of (z/3)/((-8)/(-36))?
3
Suppose -749 = -7*i + 413. What is the hundreds digit of i?
1
Let l be 3/(-2) - (-18)/4. Suppose l*p = -0*p + 45. What is the tens digit of p?
1
Suppose 4*d - 168 = -20. What is the tens digit of d?
3
Let z be -4 + 2 + 1 + 21. Suppose -5*u = 5*r - z, 0 = 4*r - r. Suppose 3*o + 0*s - 27 = -s, u*s = -o + 9. What is the units digit of o?
9
What is the units digit of (-5 + -1)*336/(-36)?
6
Suppose -2*a = 5*s - 25, 0 = a - 4*s - 1 + 8. What is the units digit of a?
5
Suppose y - 2*y + 27 = 0. What is the units digit of y?
7
Let r(l) = -3*l**3 - 2*l**2 + 2*l - 3. Let d be r(2). Let u = d - -45. What is the units digit of u?
4
Let y = 75 - 52. Suppose 2*t - y - 21 = 0. What is the tens digit of t?
2
Let d(z) be the first derivative of z**4/12 + 7*z**3/6 + 4*z**2 + z + 1. Let c(n) be the first derivative of d(n). What is the units digit of c(-6)?
2
Suppose 0 = 4*a - 33 - 23. Let o = -1 + a. What is the units digit of o?
3
Let a = -15 + 51. What is the tens digit of a?
3
Let m(y) = -y + 84. What is the units digit of m(27)?
7
Let t(d) = d**2 - 9*d + 1. Let w be t(7). Let f = -11 - w. What is the units digit of f?
2
Suppose -5*b = -0*b + 4*n - 129, b + n = 26. What is the units digit of b?
5
Suppose -u = 2*d - 93, -4*u - 5*d + 9 + 366 = 0. What is the tens digit of u?
9
Suppose -3*l + 5*l = 5*w - 46, 20 = -5*w. Let a = 61 + l. What is the tens digit of a?
2
Let u = -6 + 7. Suppose -19 = -z + u. What is the tens digit of z?
2
Let x = 33 - 48. What is the units digit of (-3)/12 + x/(-12)?
1
Suppose 0*k = k - 101. Let g = k + -66. Suppose -7*r + 11 = -3*m - 2*r, 5*m + 5*r = g. What is the units digit of m?
3
Let o be 3*(-4)/(12/(-13)). Suppose 2*h - o = 33. What is the units digit of h?
3
Let q = 38 - 26. Let j = q + -7. What is the units digit of j?
5
Let d = -1 + 3. Let t(c) = 1 - c + 2*c**3 + c**d + 4*c**3 - 2*c**3. What is the units digit of t(1)?
5
Let y(a) = 15*a + 3. Let u be y(3). Suppose w = 3*w - u. What is the units digit of w?
4
Let k be -2 + 3 + -3 + -46. Let g(b) = 66*b**3 - 1. Let o be g(-1). Let q = k - o. What is the tens digit of q?
1
Let u be 2/(-6) - 7/(-3). Suppose u*q = -9 + 23. What is the units digit of q?
7
Let y(x) = -x + 11. Let m be y(5). Let g be m/(-10) + (-576)/(-10). Suppose -5*h - 7 = -g. What is the tens digit of h?
1
Let d(h) = h**2 + h - 1. Let r be d(-2). What is the units digit of 49/7 + -1*r?
6
Let q = 136 - 50. What is the units digit of q?
6
Suppose 3*j - 2*c - 446 + 152 = 0, 3*j - 5*c = 285. What is the hundreds digit of j?
1
Suppose -45 = 5*a - 2*p, -2*a - 18 = p - 5*p. Let d(q) be the first derivative of -q**2/2 - 6*q + 1. What is the units digit of d(a)?
3
Let m(j) = 4*j**2 - 2*j. What is the tens digit of m(-2)?
2
Suppose -4*v + 20 = -2*w, 2*w = -4*v - 0*v - 12. Let l = -5 - w. What is the units digit of l?
3
Let y(d) be the second derivative of 1/6*d**3 + 7/2*d**2 + 1/12*d**4 + 0 + 2*d. What is the units digit of y(0)?
7
Let b = -12 + 24. Suppose 0 = a - b - 16. Suppose -5*m + a = -52. What is the tens digit of m?
1
Let m = -18 + 31. Let g = 8 + m. Suppose -6*k = -9*k + g. What is the units digit of k?
7
Suppose 17 + 3 = -5*f, -2*f - 12 = -o. Suppose 0 = -o*y + 13 - 5. Suppose 2 = r - y. What is the units digit of r?
4
Let x(b) = -b**3 - 6*b**2 - 5. Let c be x(-6). What is the units digit of (4/c)/(2/(-15))?
6
Suppose -2*l + 4*l + 2 = 0, 5*l = -v + 60. What is the tens digit of v?
6
Let y be (0 + -54)*(-3)/1. Suppose -6*p = -y - 78. What is the units digit of p?
0
Suppose 0 = 5*t - 11 + 56. Let s = -6 - t. What is the units digit of s?
3
Suppose -1067 = -15*u + 448. What is the hundreds digit of u?
1
Suppose z - 14 = -8. Suppose 0 = -5*n + 5 + 5. Suppose -1 = q + 2*u, q = n*u + z + 13. What is the units digit of q?
9
Let p(c) = c**3 - 4*c**2 - 5*c - 7. Let x be p(5). Let r = x + 37. Let h = r - 21. What is the units digit of h?
9
Let l(d) = -d**3 - 3*d**2 + 5*d - 1. Let m be l(-4). Let n = m + 8. What is the units digit of n?
3
Let c(u) be the second derivative of -u**4/12 + 5*u**3/3 - 3*u**2 - 2*u. Let k be c(10). Let j = k - -19. What is the units digit of j?
3
Let z(d) = -d + 6. Let y(f) = 3*f - 4. Let u be y(3). Let c be z(u). Suppose -5*l = -x - 3, -x - c = l - 4*l. What is the units digit of x?
2
Let a(v) = -v**3 + 11*v**2 + 15*v + 15. What is the tens digit of a(12)?
5
Let h(s) = s**2 - 7*s + 48. What is the tens digit of h(11)?
9
Let k(h) = -4*h**3 - 10*h**2 - 4*h + 6. Let v(b) = 7*b**3 + 19*b**2 + 9*b - 11. Let c(j) = -5*k(j) - 3*v(j). Let y = 7 + -13. What is the units digit of c(y)?
9
Suppose -4*s + 571 = -5*n, -s = -3*n - 158 + 10. What is the units digit of s?
9
Suppose -4*m + 4*v - 96 = -0*m, -5*m - 5*v = 110. Suppose -5*t = 3*n - 80, -38 - 22 = -2*n - 2*t. Let o = n + m. What is the tens digit of o?
1
Suppose 2*x - 24 = -2*x. What is the units digit of (-425)/(-15) + 4/x?
9
Let m(y) = -y - 1. Let z(d) = 4*d + 7. Let j(n) = -2*m(n) - z(n). Let s(g) = -5*g - 1. Let l be s(1). What is the units digit of j(l)?
7
Let v(d) = -8 + 2*d + 1 + 0*d + 0*d. What is the units digit of v(4)?
1
Let a(i) = i**2 - i - 2. Let h be a(-4). What is the tens digit of 1/(-6) + 255/h?
1
Suppose 34 = b - 15. What is the units digit of b?
9
Suppose -5*c - 4*z = -36, 2*c + 7*z - 24 = 3*z. Suppose -c*i - 47 = 4*l + 5, -2*i - 16 = 4*l. What is the units digit of 10/(-3)*i/15?
4
Suppose 7 = 4*q - 145. What is the tens digit of q?
3
Let n be (-2)/(1/(-2) + 0). Let x(y) be the third derivative of -y**5/60 + 3*y**4/8 - y**3 + y**2. What is the units digit of x(n)?
4
What is the tens digit of ((-2)/2)/(8/(-344))?
4
Let k be -5 + -2 - (1 + -4). Let l = k - -8. What is the units digit of l?
4
Suppose 3*p - 6 = 2*i, -i + 4*p - 8 + 5 = 0. What is the tens digit of 29 + i/(4/4)?
2
Let d(y) = -y - 3. Suppose 10 = -3*s - g, 4 + 1 = -5*g. Let i be d(s). Suppose -3*r + 19 = 4*k - i*k, -3*k + 24 = -r. What is the units digit of k?
7
Let t(g) = 0*g - 7*g**2 + 0*g**2 - 7*g - 2 + g**3. What is the units digit of t(8)?
6
Let g = 21 + -34. Let z = -23 - g. What is the units digit of z*(1 - (-10)/(-4))?
5
Let g(o) = -o**2 + 9*o - 4. Let i be g(7). Let d be 1/(-2) - i/(-4). Suppose -3*v - 4*s = d, 4*v - 5*s = -v + 20. What is the units digit of v?
2
What is the tens digit of 4266/72 - 1/4?
5
Let p(w) = -w**2 - 4*w + 1. Let g be p(-3). Suppose 2*v - 